 and 11.
11
Let y = 654 + -604. Suppose 177 = 3*t - i - y, -5*i - 395 = -5*t. What is the highest common divisor of 555 and t?
37
Let j be -4*25/(-20) - -3. Let o = 267 - 107. What is the greatest common divisor of j and o?
8
Let h = -28752 + 28914. What is the highest common divisor of h and 2538?
54
Suppose k - q - 125 = 154, q + 559 = 2*k. What is the greatest common divisor of k and 25?
5
Let f(r) = 3*r**2 + 11*r - 11. Suppose x + 2*n = -1 + 6, 2*x + 3*n - 5 = 0. Let c be f(x). Calculate the highest common factor of 3 and c.
3
Suppose 296 + 236 = 21*g + 70. Suppose 6*m - 165 = 3*m. What is the highest common divisor of m and g?
11
Let a(m) = -m**3 + 15*m**2 - 56*m + 251. Let z be a(11). What is the highest common divisor of z and 204?
17
Let t(q) = 66*q + 1502. Let k be t(13). What is the highest common divisor of k and 80?
40
Let u = 141 - 131. Let b(z) = z**2 - 11*z + 13. Let d be b(u). Let t be d - (-1 - -6) - -86. What is the greatest common divisor of 126 and t?
42
Let p be (-30348)/(-90) + (-4)/14 + (-64)/70. Calculate the highest common factor of 216 and p.
24
Let u = -238 + 127. Let p = -762 + 668. Let b = p - u. Calculate the greatest common factor of b and 68.
17
Let k be 14/42*(-54)/2. Let r be 6/(-4)*384/k + -1. Let y(u) = u**3 - u**2 + 7. Let m be y(0). What is the greatest common divisor of m and r?
7
Let g(k) = 4 + k + k**2 + k**3 - 3 - 8*k**2 + 1. Let x be g(7). Let v be ((-30)/18)/(40/(-144)). What is the greatest common factor of v and x?
3
Let y(t) = 28*t + 183. Let c be y(-6). Suppose l = c*l - 238. Suppose 0 = 3*u - 75 - 384. What is the greatest common factor of l and u?
17
Let x(i) = 354*i**2 + 2*i - 8. Let o be x(4). Suppose -34*t - 14*t + o = 0. What is the greatest common divisor of 177 and t?
59
Let p be ((-5)/20*-4*22)/((-2)/(-42)). Calculate the greatest common divisor of 112 and p.
14
Let x be (365 + 56/(-8))*(4 - 3). Calculate the greatest common factor of 6 and x.
2
Let m be (7 + -3 - 9)*-3. Let w be (0 - -10)/(m + -13). Suppose -3*k - 5*u - 40 = -111, 69 = w*k - 4*u. What is the highest common factor of 119 and k?
17
Let h(b) be the first derivative of 3*b - 16*b**2 + 7*b**2 - 18*b**2 - b - 35. Let n be h(-1). What is the highest common divisor of n and 14?
14
Suppose -102*c - 6045 = -107*c - 2*x, 3*c = 2*x + 3627. Calculate the highest common factor of 468 and c.
39
Let u = 5924 - 2914. Calculate the greatest common factor of u and 350.
70
Suppose 9*i - 284 = 5*i - 4*q, 4*q + 260 = 4*i. Calculate the greatest common factor of 164 and i.
4
Suppose -2*r + 11*x - 8*x + 8799 = 0, -5*r + 2*x + 22025 = 0. Let c be r/565 - (-8)/(-10). Calculate the highest common factor of 13 and c.
1
Let r = -40 - -20. Let j be (-158)/(-20) - 2/r. Suppose -f = c - 6, -3*f + 19 = 4*c - j. What is the highest common factor of c and 27?
9
Suppose -24*x + 6431 = -3553. Let p = x + -341. What is the highest common divisor of p and 30?
15
Let t(o) = 36*o**2 - 2203*o - 6605. Let x be t(-3). Let f(m) = 6*m**3 - m**2 - 2*m + 1. Let n be f(2). Calculate the greatest common factor of x and n.
41
Suppose 4518 = 6*z + 4326. Calculate the greatest common divisor of z and 92.
4
Suppose 3*o + 2*y - 1216 = 0, 2*o + 2*y = 178 + 632. Calculate the highest common divisor of 667 and o.
29
Suppose -62*g - 3158024 = -156*g. What is the greatest common factor of 74 and g?
74
Let s(x) = -x**2 + 2*x + 2. Let j = 32 - 32. Let r be s(j). Suppose -3*l - 5*y = 1, -3*l - r*y + 5 = -0. What is the highest common divisor of l and 3?
3
Let f be 331 - (-23 + 14 + -5). Calculate the highest common divisor of 6 and f.
3
Suppose t = 3*x - 813, -6*t - 813 = -3*x - 11*t. Suppose -4*i + 2*i - 3*q = -x, 3*q + 113 = i. What is the highest common divisor of i and 8?
8
Let o(k) = -k + 29. Let z be o(-7). Let h be ((-21)/3 + 5)*(-2 - 0). What is the highest common divisor of z and h?
4
Let i be 0 - -1 - (-284)/2. Let j be (25*(-34)/(-1700))/(2/(-4))*-26. What is the highest common factor of j and i?
13
Let g be 141/(-2) + 20/(-40). Let k be 0 - 2 - (-3)/((-3)/g). Let h = k + -48. What is the highest common factor of h and 63?
21
Let c(t) = -15*t + 11. Let f be c(-9). Suppose 156*o - 159*o + h + 652 = 0, o = -3*h + 234. What is the greatest common divisor of o and f?
73
Let f be 10 + ((-7)/21 - 22/6). Suppose 4*b + 4*z = 0, -5 = 4*b - f*b + 3*z. What is the highest common factor of 49 and b?
1
Let i be 13 + -6 + (11 - 11). What is the greatest common factor of 4291 and i?
7
Suppose 0 = 9*k - 2*k + 231. Let a be (-1)/((-8)/30) - k/132. Let l(d) = -d**2 - 10*d + 6. Let u be l(-10). Calculate the highest common factor of a and u.
2
Let d(f) = 6*f**3 + 6*f**2 - 4*f + 2. Let b be d(-5). Let w = -298 - b. What is the greatest common divisor of 40 and w?
40
Let t be ((-402)/36)/(40/(-24)*1/10). Calculate the greatest common factor of 8576 and t.
67
Let t(p) = -p**3 + 12*p**2 - p - 13. Let x be t(9). Let a = -204 + x. Calculate the greatest common factor of a and 51.
17
Let a(r) be the first derivative of 1/3*r**3 + 11/2*r**2 + 2*r - 1. Let p be a(-12). Calculate the highest common factor of 28 and p.
14
Suppose 0 = -2*p + 7*p - 5. Suppose 27*u - 761 = 49. Suppose u*g - 27*g + 6 = 3*r, 2*g - 31 = -5*r. What is the greatest common factor of r and p?
1
Let b be 2/(-5) + (-422)/(-5). Suppose 4*z - 4*k = 80, -2*z - 4*z = -5*k - 121. What is the greatest common factor of b and z?
21
Let q(a) = -a**2 + 8*a + 4. Let p be q(8). Let o = -50 - -106. Suppose 3*g - p*h + 12 = 5*g, -3*h - o = -5*g. Calculate the greatest common divisor of 25 and g.
5
Let w(m) = 6*m**3 + 9*m**2 - m - 3. Let s(t) = t**3 + t**2 - t - 1. Let y(k) = -5*s(k) + w(k). Let r be y(3). What is the highest common factor of r and 7?
7
Let b be 962/14 + (27/21 - 1). Suppose -5*v + b = 79. Let y be v/(4 + -3) - (-2 + -28). Calculate the greatest common factor of 112 and y.
28
Let c(w) = -4*w - 9. Let v(f) = 8*f + 20. Let x(q) = -5*c(q) - 3*v(q). Let g = 15 - 24. Let j be x(g). Calculate the greatest common divisor of 84 and j.
21
Suppose 5*f - 3*d = 855, -4*f - 14*d + 684 = -11*d. What is the greatest common divisor of 747 and f?
9
Suppose 4*y = -8, -4*y = 2*p - y. Suppose -2*t - p*w = -52, -2*t + 2*w = 3*t - 168. What is the highest common divisor of 56 and t?
8
Suppose 4*c - 328 = -5*a, 5*c + 219 = 5*a - 2*a. Suppose 15 = -a*r + 73*r. Calculate the highest common divisor of r and 39.
3
Let u(m) = -m**3 - 5*m**2 - 3*m + 5. Let r be (-7 - -5) + 4/(-2). Let v be u(r). Let w be (-60)/(-5) - (v + 2). Calculate the highest common divisor of w and 9.
9
Let x(l) = -18*l**3 - 214*l**2 - 7*l + 24. Let b be x(-12). What is the greatest common divisor of b and 2640?
132
Let g(f) = f - 16. Let y be g(21). Let r(c) = c + 4. Let q be r(y). Let p = -187 - -286. What is the highest common divisor of p and q?
9
Let s = -7450 - -7801. Calculate the greatest common factor of 8541 and s.
117
Suppose -5*j = -a - 8069, -3*a = -j + 930 + 681. Calculate the highest common factor of j and 3.
3
Suppose b - 2 = 1, -b + 4 = f. Let w be 23 + f*14/2. Calculate the greatest common divisor of w and 24.
6
Suppose 0 = l + 3*o - 315, 21*l + 1480 = 26*l - 4*o. Let x = l - 296. Calculate the greatest common divisor of 196 and x.
4
Let r(s) = -s**2 + 852*s + 185862. Let u be r(-180). Suppose 0 = 3*y - 2*g - 150, -5*y + 225 = 3*g + 2*g. Calculate the greatest common divisor of u and y.
6
Let y(r) = 1 + 0 - 20*r - 6 - 40. Let z be y(-9). Suppose -2*g - 208 = -3*f, 2*f + 0*g = 5*g + z. What is the greatest common factor of f and 28?
14
Let h be (-11)/(-99) - 7/((-252)/824). Calculate the greatest common factor of 17779 and h.
23
Suppose -b - l - 157 = 0, 4*b - 3*l + 583 = 2*l. Let x = -241 - b. Let i = -53 - x. Calculate the greatest common factor of 18 and i.
18
Suppose -2*z = -k + 5*k - 6, 3*k = -z + 6. Suppose 425 + 103 = k*d. Let r = -1 - -23. What is the greatest common factor of r and d?
22
Suppose 22 = o - 2*f, -f = -4*o + f + 82. Suppose -17*n = -o*n + 21. Let h be -7*(-12)/756 + (-440)/(-9). What is the highest common divisor of n and h?
7
Suppose -k - 2*y + 18 = 0, -3*k = 74*y - 72*y - 42. What is the highest common divisor of k and 42684?
12
Suppose -l = 5*g + 346, g + 1753 = -5*l - g. Let y be (-2)/(-13) - 56457/l. What is the greatest common diviso